{"id":217,"date":"2025-10-20T16:51:49","date_gmt":"2025-10-20T14:51:49","guid":{"rendered":"https:\/\/xn--bliejsiebie-rqc.com.pl\/?page_id=217"},"modified":"2025-11-18T15:48:32","modified_gmt":"2025-11-18T14:48:32","slug":"terapie-uzaleznien","status":"publish","type":"page","link":"https:\/\/xn--bliejsiebie-rqc.com.pl\/?page_id=217","title":{"rendered":"Terapie uzale\u017cnie\u0144"},"content":{"rendered":"\n<figure class=\"wp-block-image aligncenter size-full\"><img loading=\"lazy\" decoding=\"async\" width=\"984\" height=\"382\" src=\"https:\/\/xn--bliejsiebie-rqc.com.pl\/wp-content\/uploads\/2025\/10\/Terapia-uzaleznien-na-gorze-nad-tekstem.png\" alt=\"\" class=\"wp-image-233\" srcset=\"https:\/\/xn--bliejsiebie-rqc.com.pl\/wp-content\/uploads\/2025\/10\/Terapia-uzaleznien-na-gorze-nad-tekstem.png 984w, https:\/\/xn--bliejsiebie-rqc.com.pl\/wp-content\/uploads\/2025\/10\/Terapia-uzaleznien-na-gorze-nad-tekstem-300x116.png 300w, https:\/\/xn--bliejsiebie-rqc.com.pl\/wp-content\/uploads\/2025\/10\/Terapia-uzaleznien-na-gorze-nad-tekstem-768x298.png 768w\" sizes=\"auto, (max-width: 984px) 100vw, 984px\" \/><\/figure>\n\n\n\n<p><strong>Uwolnij si\u0119 od na\u0142ogu z programem&nbsp;<\/strong><strong>Anti<\/strong><strong>-S<\/strong><\/p>\n\n\n\n<p>Program&nbsp;<strong>Anti<\/strong><strong>-S<\/strong>&nbsp;to nowoczesna i bezpieczna terapia od uzale\u017cnie\u0144, stworzona z my\u015bl\u0105 o osobach chc\u0105cych&nbsp;<strong>rzuci\u0107 palenie<\/strong>.<br>Podczas sesji:<\/p>\n\n\n\n<p>\u2022&nbsp;identyfikujemy&nbsp;<strong>blokady i przyczyny uzale\u017cnienia<\/strong>&nbsp;na poziomie fizycznym i energetycznym,<\/p>\n\n\n\n<p>\u2022&nbsp;przywracamy&nbsp;<strong>naturalny przep\u0142yw energii&nbsp;<\/strong><strong>Qi<\/strong>, wspieraj\u0105cy zdrowie i odporno\u015b\u0107,<\/p>\n\n\n\n<p>\u2022&nbsp;stosujemy&nbsp;<strong>spersonalizowane terapie<\/strong>&nbsp;dobrane przez oprogramowanie&nbsp;Omnis, aby organizm \u0142atwiej poradzi\u0142 sobie z odstawieniem nikotyny.<\/p>\n\n\n\n<p>Efekty programu&nbsp;<strong>Anti<\/strong><strong>-S<\/strong>:&nbsp;<strong>wolno\u015b\u0107 od na\u0142ogu, wi\u0119cej energii, poprawa kondycji zdrowotnej i poczucie kontroli nad w\u0142asnym \u017cyciem<\/strong>.<br><strong>Zr\u00f3b pierwszy krok i uwolnij si\u0119 od tytoniu ju\u017c dzi\u015b.<\/strong><\/p>\n","protected":false},"excerpt":{"rendered":"<p>Uwolnij si\u0119 od na\u0142ogu z programem&nbsp;Anti-S Program&nbsp;Anti-S&nbsp;to nowoczesna i bezpieczna terapia od uzale\u017cnie\u0144, stworzona z my\u015bl\u0105 o osobach chc\u0105cych&nbsp;rzuci\u0107 palenie.Podczas sesji: \u2022&nbsp;identyfikujemy&nbsp;blokady i przyczyny uzale\u017cnienia&nbsp;na poziomie fizycznym i energetycznym, \u2022&nbsp;przywracamy&nbsp;naturalny przep\u0142yw energii&nbsp;Qi, wspieraj\u0105cy zdrowie i odporno\u015b\u0107, \u2022&nbsp;stosujemy&nbsp;spersonalizowane terapie&nbsp;dobrane przez oprogramowanie&nbsp;Omnis, aby organizm \u0142atwiej poradzi\u0142 sobie z odstawieniem nikotyny. Efekty programu&nbsp;Anti-S:&nbsp;wolno\u015b\u0107 od na\u0142ogu, wi\u0119cej energii, poprawa [&hellip;]<\/p>\n","protected":false},"author":1,"featured_media":0,"parent":0,"menu_order":0,"comment_status":"closed","ping_status":"closed","template":"","meta":{"footnotes":""},"class_list":["post-217","page","type-page","status-publish","hentry"],"yoast_head":"<!-- This site is optimized with the Yoast SEO plugin v27.0 - https:\/\/yoast.com\/product\/yoast-seo-wordpress\/ -->\n<title>Terapie uzale\u017cnie\u0144 - Bli\u017cej Siebie Terapie Naturalne<\/title>\n<meta name=\"robots\" content=\"index, follow, max-snippet:-1, max-image-preview:large, max-video-preview:-1\" \/>\n<link rel=\"canonical\" href=\"https:\/\/xn--bliejsiebie-rqc.com.pl\/?page_id=217\" \/>\n<meta property=\"og:locale\" content=\"en_US\" \/>\n<meta property=\"og:type\" content=\"article\" \/>\n<meta property=\"og:title\" content=\"Terapie uzale\u017cnie\u0144 - Bli\u017cej Siebie Terapie Naturalne\" \/>\n<meta property=\"og:description\" content=\"Uwolnij si\u0119 od na\u0142ogu z programem&nbsp;Anti-S Program&nbsp;Anti-S&nbsp;to nowoczesna i bezpieczna terapia od uzale\u017cnie\u0144, stworzona z my\u015bl\u0105 o osobach chc\u0105cych&nbsp;rzuci\u0107 palenie.Podczas sesji: \u2022&nbsp;identyfikujemy&nbsp;blokady i przyczyny uzale\u017cnienia&nbsp;na poziomie fizycznym i energetycznym, \u2022&nbsp;przywracamy&nbsp;naturalny przep\u0142yw energii&nbsp;Qi, wspieraj\u0105cy zdrowie i odporno\u015b\u0107, \u2022&nbsp;stosujemy&nbsp;spersonalizowane terapie&nbsp;dobrane przez oprogramowanie&nbsp;Omnis, aby organizm \u0142atwiej poradzi\u0142 sobie z odstawieniem nikotyny. Efekty programu&nbsp;Anti-S:&nbsp;wolno\u015b\u0107 od na\u0142ogu, wi\u0119cej energii, poprawa [&hellip;]\" \/>\n<meta property=\"og:url\" content=\"https:\/\/xn--bliejsiebie-rqc.com.pl\/?page_id=217\" \/>\n<meta property=\"og:site_name\" content=\"Bli\u017cej Siebie Terapie Naturalne\" \/>\n<meta property=\"article:publisher\" content=\"https:\/\/www.facebook.com\/profile.php?id=100091002167848\" \/>\n<meta property=\"article:modified_time\" content=\"2025-11-18T14:48:32+00:00\" \/>\n<meta property=\"og:image\" content=\"https:\/\/xn--bliejsiebie-rqc.com.pl\/wp-content\/uploads\/2025\/10\/Terapia-uzaleznien-na-gorze-nad-tekstem.png\" \/>\n\t<meta property=\"og:image:width\" content=\"984\" \/>\n\t<meta property=\"og:image:height\" content=\"382\" \/>\n\t<meta property=\"og:image:type\" content=\"image\/png\" \/>\n<meta name=\"twitter:card\" content=\"summary_large_image\" \/>\n<meta name=\"twitter:label1\" content=\"Est. reading time\" \/>\n\t<meta name=\"twitter:data1\" content=\"1 minute\" \/>\n<script type=\"application\/ld+json\" class=\"yoast-schema-graph\">{\"@context\":\"https:\/\/schema.org\",\"@graph\":[{\"@type\":\"WebPage\",\"@id\":\"https:\/\/xn--bliejsiebie-rqc.com.pl\/?page_id=217\",\"url\":\"https:\/\/xn--bliejsiebie-rqc.com.pl\/?page_id=217\",\"name\":\"Terapie uzale\u017cnie\u0144 - Bli\u017cej Siebie Terapie Naturalne\",\"isPartOf\":{\"@id\":\"https:\/\/xn--bliejsiebie-rqc.com.pl\/#website\"},\"primaryImageOfPage\":{\"@id\":\"https:\/\/xn--bliejsiebie-rqc.com.pl\/?page_id=217#primaryimage\"},\"image\":{\"@id\":\"https:\/\/xn--bliejsiebie-rqc.com.pl\/?page_id=217#primaryimage\"},\"thumbnailUrl\":\"https:\/\/xn--bliejsiebie-rqc.com.pl\/wp-content\/uploads\/2025\/10\/Terapia-uzaleznien-na-gorze-nad-tekstem.png\",\"datePublished\":\"2025-10-20T14:51:49+00:00\",\"dateModified\":\"2025-11-18T14:48:32+00:00\",\"breadcrumb\":{\"@id\":\"https:\/\/xn--bliejsiebie-rqc.com.pl\/?page_id=217#breadcrumb\"},\"inLanguage\":\"en-US\",\"potentialAction\":[{\"@type\":\"ReadAction\",\"target\":[\"https:\/\/xn--bliejsiebie-rqc.com.pl\/?page_id=217\"]}]},{\"@type\":\"ImageObject\",\"inLanguage\":\"en-US\",\"@id\":\"https:\/\/xn--bliejsiebie-rqc.com.pl\/?page_id=217#primaryimage\",\"url\":\"https:\/\/xn--bliejsiebie-rqc.com.pl\/wp-content\/uploads\/2025\/10\/Terapia-uzaleznien-na-gorze-nad-tekstem.png\",\"contentUrl\":\"https:\/\/xn--bliejsiebie-rqc.com.pl\/wp-content\/uploads\/2025\/10\/Terapia-uzaleznien-na-gorze-nad-tekstem.png\",\"width\":984,\"height\":382},{\"@type\":\"BreadcrumbList\",\"@id\":\"https:\/\/xn--bliejsiebie-rqc.com.pl\/?page_id=217#breadcrumb\",\"itemListElement\":[{\"@type\":\"ListItem\",\"position\":1,\"name\":\"Strona g\u0142\u00f3wna\",\"item\":\"https:\/\/xn--bliejsiebie-rqc.com.pl\/\"},{\"@type\":\"ListItem\",\"position\":2,\"name\":\"Terapie uzale\u017cnie\u0144\"}]},{\"@type\":\"WebSite\",\"@id\":\"https:\/\/xn--bliejsiebie-rqc.com.pl\/#website\",\"url\":\"https:\/\/xn--bliejsiebie-rqc.com.pl\/\",\"name\":\"Bli\u017cej Siebie Terapie Naturalne\",\"description\":\"\",\"publisher\":{\"@id\":\"https:\/\/xn--bliejsiebie-rqc.com.pl\/#organization\"},\"potentialAction\":[{\"@type\":\"SearchAction\",\"target\":{\"@type\":\"EntryPoint\",\"urlTemplate\":\"https:\/\/xn--bliejsiebie-rqc.com.pl\/?s={search_term_string}\"},\"query-input\":{\"@type\":\"PropertyValueSpecification\",\"valueRequired\":true,\"valueName\":\"search_term_string\"}}],\"inLanguage\":\"en-US\"},{\"@type\":\"Organization\",\"@id\":\"https:\/\/xn--bliejsiebie-rqc.com.pl\/#organization\",\"name\":\"Bli\u017cej Siebie Terapie Naturalne\",\"url\":\"https:\/\/xn--bliejsiebie-rqc.com.pl\/\",\"logo\":{\"@type\":\"ImageObject\",\"inLanguage\":\"en-US\",\"@id\":\"https:\/\/xn--bliejsiebie-rqc.com.pl\/#\/schema\/logo\/image\/\",\"url\":\"https:\/\/xn--bliejsiebie-rqc.com.pl\/wp-content\/uploads\/2025\/10\/logo.png\",\"contentUrl\":\"https:\/\/xn--bliejsiebie-rqc.com.pl\/wp-content\/uploads\/2025\/10\/logo.png\",\"width\":857,\"height\":877,\"caption\":\"Bli\u017cej Siebie Terapie Naturalne\"},\"image\":{\"@id\":\"https:\/\/xn--bliejsiebie-rqc.com.pl\/#\/schema\/logo\/image\/\"},\"sameAs\":[\"https:\/\/www.facebook.com\/profile.php?id=100091002167848\"]}]}<\/script>\n<!-- \/ Yoast SEO plugin. -->","yoast_head_json":{"title":"Terapie uzale\u017cnie\u0144 - Bli\u017cej Siebie Terapie Naturalne","robots":{"index":"index","follow":"follow","max-snippet":"max-snippet:-1","max-image-preview":"max-image-preview:large","max-video-preview":"max-video-preview:-1"},"canonical":"https:\/\/xn--bliejsiebie-rqc.com.pl\/?page_id=217","og_locale":"en_US","og_type":"article","og_title":"Terapie uzale\u017cnie\u0144 - Bli\u017cej Siebie Terapie Naturalne","og_description":"Uwolnij si\u0119 od na\u0142ogu z programem&nbsp;Anti-S Program&nbsp;Anti-S&nbsp;to nowoczesna i bezpieczna terapia od uzale\u017cnie\u0144, stworzona z my\u015bl\u0105 o osobach chc\u0105cych&nbsp;rzuci\u0107 palenie.Podczas sesji: \u2022&nbsp;identyfikujemy&nbsp;blokady i przyczyny uzale\u017cnienia&nbsp;na poziomie fizycznym i energetycznym, \u2022&nbsp;przywracamy&nbsp;naturalny przep\u0142yw energii&nbsp;Qi, wspieraj\u0105cy zdrowie i odporno\u015b\u0107, \u2022&nbsp;stosujemy&nbsp;spersonalizowane terapie&nbsp;dobrane przez oprogramowanie&nbsp;Omnis, aby organizm \u0142atwiej poradzi\u0142 sobie z odstawieniem nikotyny. Efekty programu&nbsp;Anti-S:&nbsp;wolno\u015b\u0107 od na\u0142ogu, wi\u0119cej energii, poprawa [&hellip;]","og_url":"https:\/\/xn--bliejsiebie-rqc.com.pl\/?page_id=217","og_site_name":"Bli\u017cej Siebie Terapie Naturalne","article_publisher":"https:\/\/www.facebook.com\/profile.php?id=100091002167848","article_modified_time":"2025-11-18T14:48:32+00:00","og_image":[{"width":984,"height":382,"url":"https:\/\/xn--bliejsiebie-rqc.com.pl\/wp-content\/uploads\/2025\/10\/Terapia-uzaleznien-na-gorze-nad-tekstem.png","type":"image\/png"}],"twitter_card":"summary_large_image","twitter_misc":{"Est. reading time":"1 minute"},"schema":{"@context":"https:\/\/schema.org","@graph":[{"@type":"WebPage","@id":"https:\/\/xn--bliejsiebie-rqc.com.pl\/?page_id=217","url":"https:\/\/xn--bliejsiebie-rqc.com.pl\/?page_id=217","name":"Terapie uzale\u017cnie\u0144 - Bli\u017cej Siebie Terapie Naturalne","isPartOf":{"@id":"https:\/\/xn--bliejsiebie-rqc.com.pl\/#website"},"primaryImageOfPage":{"@id":"https:\/\/xn--bliejsiebie-rqc.com.pl\/?page_id=217#primaryimage"},"image":{"@id":"https:\/\/xn--bliejsiebie-rqc.com.pl\/?page_id=217#primaryimage"},"thumbnailUrl":"https:\/\/xn--bliejsiebie-rqc.com.pl\/wp-content\/uploads\/2025\/10\/Terapia-uzaleznien-na-gorze-nad-tekstem.png","datePublished":"2025-10-20T14:51:49+00:00","dateModified":"2025-11-18T14:48:32+00:00","breadcrumb":{"@id":"https:\/\/xn--bliejsiebie-rqc.com.pl\/?page_id=217#breadcrumb"},"inLanguage":"en-US","potentialAction":[{"@type":"ReadAction","target":["https:\/\/xn--bliejsiebie-rqc.com.pl\/?page_id=217"]}]},{"@type":"ImageObject","inLanguage":"en-US","@id":"https:\/\/xn--bliejsiebie-rqc.com.pl\/?page_id=217#primaryimage","url":"https:\/\/xn--bliejsiebie-rqc.com.pl\/wp-content\/uploads\/2025\/10\/Terapia-uzaleznien-na-gorze-nad-tekstem.png","contentUrl":"https:\/\/xn--bliejsiebie-rqc.com.pl\/wp-content\/uploads\/2025\/10\/Terapia-uzaleznien-na-gorze-nad-tekstem.png","width":984,"height":382},{"@type":"BreadcrumbList","@id":"https:\/\/xn--bliejsiebie-rqc.com.pl\/?page_id=217#breadcrumb","itemListElement":[{"@type":"ListItem","position":1,"name":"Strona g\u0142\u00f3wna","item":"https:\/\/xn--bliejsiebie-rqc.com.pl\/"},{"@type":"ListItem","position":2,"name":"Terapie uzale\u017cnie\u0144"}]},{"@type":"WebSite","@id":"https:\/\/xn--bliejsiebie-rqc.com.pl\/#website","url":"https:\/\/xn--bliejsiebie-rqc.com.pl\/","name":"Bli\u017cej Siebie Terapie Naturalne","description":"","publisher":{"@id":"https:\/\/xn--bliejsiebie-rqc.com.pl\/#organization"},"potentialAction":[{"@type":"SearchAction","target":{"@type":"EntryPoint","urlTemplate":"https:\/\/xn--bliejsiebie-rqc.com.pl\/?s={search_term_string}"},"query-input":{"@type":"PropertyValueSpecification","valueRequired":true,"valueName":"search_term_string"}}],"inLanguage":"en-US"},{"@type":"Organization","@id":"https:\/\/xn--bliejsiebie-rqc.com.pl\/#organization","name":"Bli\u017cej Siebie Terapie Naturalne","url":"https:\/\/xn--bliejsiebie-rqc.com.pl\/","logo":{"@type":"ImageObject","inLanguage":"en-US","@id":"https:\/\/xn--bliejsiebie-rqc.com.pl\/#\/schema\/logo\/image\/","url":"https:\/\/xn--bliejsiebie-rqc.com.pl\/wp-content\/uploads\/2025\/10\/logo.png","contentUrl":"https:\/\/xn--bliejsiebie-rqc.com.pl\/wp-content\/uploads\/2025\/10\/logo.png","width":857,"height":877,"caption":"Bli\u017cej Siebie Terapie Naturalne"},"image":{"@id":"https:\/\/xn--bliejsiebie-rqc.com.pl\/#\/schema\/logo\/image\/"},"sameAs":["https:\/\/www.facebook.com\/profile.php?id=100091002167848"]}]}},"_links":{"self":[{"href":"https:\/\/xn--bliejsiebie-rqc.com.pl\/index.php?rest_route=\/wp\/v2\/pages\/217","targetHints":{"allow":["GET"]}}],"collection":[{"href":"https:\/\/xn--bliejsiebie-rqc.com.pl\/index.php?rest_route=\/wp\/v2\/pages"}],"about":[{"href":"https:\/\/xn--bliejsiebie-rqc.com.pl\/index.php?rest_route=\/wp\/v2\/types\/page"}],"author":[{"embeddable":true,"href":"https:\/\/xn--bliejsiebie-rqc.com.pl\/index.php?rest_route=\/wp\/v2\/users\/1"}],"replies":[{"embeddable":true,"href":"https:\/\/xn--bliejsiebie-rqc.com.pl\/index.php?rest_route=%2Fwp%2Fv2%2Fcomments&post=217"}],"version-history":[{"count":2,"href":"https:\/\/xn--bliejsiebie-rqc.com.pl\/index.php?rest_route=\/wp\/v2\/pages\/217\/revisions"}],"predecessor-version":[{"id":234,"href":"https:\/\/xn--bliejsiebie-rqc.com.pl\/index.php?rest_route=\/wp\/v2\/pages\/217\/revisions\/234"}],"wp:attachment":[{"href":"https:\/\/xn--bliejsiebie-rqc.com.pl\/index.php?rest_route=%2Fwp%2Fv2%2Fmedia&parent=217"}],"curies":[{"name":"wp","href":"https:\/\/api.w.org\/{rel}","templated":true}]}}